{"id":60,"date":"2019-06-23T20:53:41","date_gmt":"2019-06-23T20:53:41","guid":{"rendered":"https:\/\/weizel-reinigungssysteme.de\/wrs\/?page_id=60"},"modified":"2019-10-05T21:20:57","modified_gmt":"2019-10-05T21:20:57","slug":"kontakt","status":"publish","type":"page","link":"https:\/\/weizel-reinigungssysteme.de\/wrs\/kontakt\/","title":{"rendered":"Kontakt"},"content":{"rendered":"<p><span style=\"text-decoration: underline; font-size: 16px;\">So erreichen Sie uns!<\/span><\/p>\n<p><strong>Anschrift:<\/strong><br \/>\nWeizel Gro\u00df \u2013 und Einzelhandel f\u00fcr Reinigungssysteme<br \/>\nWestrampe 7-9<br \/>\n38442 Wolfsburg<\/p>\n<p>Tel.:\u00a0\u00a0\u00a0\u00a0\u00a0 <strong>+49 ( 0 ) 5362 728902<\/strong><br \/>\nFAX:\u00a0\u00a0\u00a0\u00a0 <strong>+49 ( 0 ) 5362 947383<\/strong><br \/>\nE-Mail:\u00a0 <strong>weizel@wzlwob.de<\/strong><\/p>\n<hr \/>\n<p>Nat\u00fcrlich k\u00f6nnen Sie uns auch eine Nachricht<br \/>\n\u00fcber unser Kontaktformular zusenden.<\/p>\n<p><strong><span style=\"text-decoration: underline; font-family: helvetica, arial, sans-serif;\">Kontaktformular:<\/span><\/strong><br \/>\n\n<div class=\"wpcf7 no-js\" id=\"wpcf7-f191-o1\" lang=\"de-DE\" dir=\"ltr\" data-wpcf7-id=\"191\">\n<div class=\"screen-reader-response\"><p role=\"status\" aria-live=\"polite\" aria-atomic=\"true\"><\/p> <ul><\/ul><\/div>\n<form action=\"\/wrs\/wp-json\/wp\/v2\/pages\/60#wpcf7-f191-o1\" method=\"post\" class=\"wpcf7-form init\" aria-label=\"Kontaktformular\" novalidate=\"novalidate\" data-status=\"init\">\n<fieldset class=\"hidden-fields-container\"><input type=\"hidden\" name=\"_wpcf7\" value=\"191\" \/><input type=\"hidden\" name=\"_wpcf7_version\" value=\"6.1.5\" \/><input type=\"hidden\" name=\"_wpcf7_locale\" value=\"de_DE\" \/><input type=\"hidden\" name=\"_wpcf7_unit_tag\" value=\"wpcf7-f191-o1\" \/><input type=\"hidden\" name=\"_wpcf7_container_post\" value=\"0\" \/><input type=\"hidden\" name=\"_wpcf7_posted_data_hash\" value=\"\" \/>\n<\/fieldset>\n<p><label><span class=\"wpcf7-form-control-wrap\" data-name=\"your-name\"><input size=\"40\" maxlength=\"400\" class=\"wpcf7-form-control wpcf7-text wpcf7-validates-as-required\" aria-required=\"true\" aria-invalid=\"false\" placeholder=\"Name*\" value=\"\" type=\"text\" name=\"your-name\" \/><\/span><\/label>\n<\/p>\n<p><label><span class=\"wpcf7-form-control-wrap\" data-name=\"your-email\"><input size=\"40\" maxlength=\"400\" class=\"wpcf7-form-control wpcf7-email wpcf7-validates-as-required wpcf7-text wpcf7-validates-as-email\" aria-required=\"true\" aria-invalid=\"false\" placeholder=\"Email*\" value=\"\" type=\"email\" name=\"your-email\" \/><\/span><\/label>\n<\/p>\n<p><label> <span class=\"wpcf7-form-control-wrap\" data-name=\"your-subject\"><input size=\"40\" maxlength=\"400\" class=\"wpcf7-form-control wpcf7-text\" aria-invalid=\"false\" placeholder=\"Betreff\" value=\"\" type=\"text\" name=\"your-subject\" \/><\/span><\/label>\n<\/p>\n<p><label><span class=\"wpcf7-form-control-wrap\" data-name=\"your-message\"><textarea cols=\"10\" rows=\"3\" maxlength=\"2000\" class=\"wpcf7-form-control wpcf7-textarea\" aria-invalid=\"false\" placeholder=\"Nachricht\" name=\"your-message\"><\/textarea><\/span> <\/label>\n<\/p>\n<p><input type=\"hidden\" name=\"_wpcf7_captcha_challenge_captcha-34\" value=\"3212778164\" \/><img loading=\"lazy\" decoding=\"async\" class=\"wpcf7-form-control wpcf7-captchac wpcf7-captcha-captcha-34\" width=\"72\" height=\"24\" alt=\"captcha\" src=\"https:\/\/weizel-reinigungssysteme.de\/wrs\/wp-content\/uploads\/wpcf7_captcha\/3212778164.png\" \/><span class=\"wpcf7-form-control-wrap\" data-name=\"captcha-33\"><input size=\"4\" maxlength=\"4\" class=\"wpcf7-form-control wpcf7-captchar\" autocomplete=\"off\" aria-invalid=\"false\" value=\"\" type=\"text\" name=\"captcha-33\" \/><\/span>\n<\/p>\n<p><input class=\"wpcf7-form-control wpcf7-submit has-spinner\" type=\"submit\" value=\"Senden\" \/><span class=\"wpcf7-form-control-wrap\" data-name=\"Zustimmen\"><span class=\"wpcf7-form-control wpcf7-acceptance\"><span class=\"wpcf7-list-item\"><label><input type=\"checkbox\" name=\"Zustimmen\" value=\"1\" aria-invalid=\"false\" \/><span class=\"wpcf7-list-item-label\"><small> Ich habe die <a href=\"wrs\/datenschutzerklaerung\/\" target=\"_blank\"><u>Datenschutzbestimmungen<\/u><\/a> zur Kenntnis genommen.<\/small><\/span><\/label><\/span><\/span><\/span>\n<\/p>\n<hr \/>\n<p>Die mit einem * markierten Felder sind Pflichtfelder.\n<\/p><div class=\"wpcf7-response-output\" aria-hidden=\"true\"><\/div>\n<\/form>\n<\/div>\n<\/p>\n","protected":false},"excerpt":{"rendered":"<p>So erreichen Sie uns! Anschrift: Weizel Gro\u00df \u2013 und Einzelhandel f\u00fcr Reinigungssysteme Westrampe 7-9 38442 Wolfsburg Tel.:\u00a0\u00a0\u00a0\u00a0\u00a0 +49 ( 0 ) 5362 728902 FAX:\u00a0\u00a0\u00a0\u00a0 +49 ( 0 ) 5362 947383 E-Mail:\u00a0 weizel@wzlwob.de Nat\u00fcrlich k\u00f6nnen Sie uns auch eine Nachricht \u00fcber unser Kontaktformular zusenden. Kontaktformular:<\/p>\n","protected":false},"author":2,"featured_media":0,"parent":0,"menu_order":0,"comment_status":"closed","ping_status":"closed","template":"","meta":{"footnotes":""},"class_list":["post-60","page","type-page","status-publish","hentry"],"_links":{"self":[{"href":"https:\/\/weizel-reinigungssysteme.de\/wrs\/wp-json\/wp\/v2\/pages\/60","targetHints":{"allow":["GET"]}}],"collection":[{"href":"https:\/\/weizel-reinigungssysteme.de\/wrs\/wp-json\/wp\/v2\/pages"}],"about":[{"href":"https:\/\/weizel-reinigungssysteme.de\/wrs\/wp-json\/wp\/v2\/types\/page"}],"author":[{"embeddable":true,"href":"https:\/\/weizel-reinigungssysteme.de\/wrs\/wp-json\/wp\/v2\/users\/2"}],"replies":[{"embeddable":true,"href":"https:\/\/weizel-reinigungssysteme.de\/wrs\/wp-json\/wp\/v2\/comments?post=60"}],"version-history":[{"count":14,"href":"https:\/\/weizel-reinigungssysteme.de\/wrs\/wp-json\/wp\/v2\/pages\/60\/revisions"}],"predecessor-version":[{"id":254,"href":"https:\/\/weizel-reinigungssysteme.de\/wrs\/wp-json\/wp\/v2\/pages\/60\/revisions\/254"}],"wp:attachment":[{"href":"https:\/\/weizel-reinigungssysteme.de\/wrs\/wp-json\/wp\/v2\/media?parent=60"}],"curies":[{"name":"wp","href":"https:\/\/api.w.org\/{rel}","templated":true}]}}